 prime factors of 221053.
7, 23, 1373
What are the prime factors of 459633?
3, 349, 439
List the prime factors of 366527.
7, 52361
What are the prime factors of 754868?
2, 17, 653
What are the prime factors of 18347916?
2, 3, 1528993
List the prime factors of 467475.
3, 5, 23, 271
What are the prime factors of 168990?
2, 3, 5, 43, 131
List the prime factors of 46207.
7, 23, 41
What are the prime factors of 3188543?
3188543
List the prime factors of 907447.
907447
List the prime factors of 390481.
7, 13, 613
What are the prime factors of 11736714?
2, 3, 11, 79, 2251
What are the prime factors of 822141?
3, 167, 547
List the prime factors of 4854991.
131, 37061
What are the prime factors of 494763?
3, 83, 1987
What are the prime factors of 32172142?
2, 16086071
List the prime factors of 7588294.
2, 7, 542021
What are the prime factors of 218984?
2, 31, 883
What are the prime factors of 2953904?
2, 353, 523
List the prime factors of 218544.
2, 3, 29, 157
List the prime factors of 4843047.
3, 11, 43, 3413
What are the prime factors of 1767555?
3, 5, 13093
What are the prime factors of 1047649?
1047649
What are the prime factors of 245510?
2, 5, 24551
What are the prime factors of 4079097?
3, 11, 41203
List the prime factors of 688766.
2, 13, 59, 449
List the prime factors of 173693.
13, 31, 431
List the prime factors of 491949.
3, 47, 1163
What are the prime factors of 793420?
2, 5, 39671
List the prime factors of 788779.
788779
List the prime factors of 324935.
5, 13, 4999
List the prime factors of 279385.
5, 71, 787
List the prime factors of 5008295.
5, 1001659
What are the prime factors of 295881?
3, 98627
What are the prime factors of 573443?
13, 44111
What are the prime factors of 10437550?
2, 5, 199, 1049
What are the prime factors of 311243?
547, 569
List the prime factors of 9044834.
2, 307, 14731
What are the prime factors of 23946822?
2, 3, 599, 2221
What are the prime factors of 10709227?
181, 59167
What are the prime factors of 548146?
2, 61, 4493
List the prime factors of 352644.
2, 3, 29387
List the prime factors of 5437384.
2, 23, 29, 1019
What are the prime factors of 258969?
3, 86323
What are the prime factors of 610416?
2, 3, 157
What are the prime factors of 3770363?
1069, 3527
List the prime factors of 85599.
3, 9511
What are the prime factors of 209282?
2, 269, 389
List the prime factors of 2247232.
2, 13, 37, 73
List the prime factors of 2876123.
271, 10613
What are the prime factors of 168659?
23, 7333
List the prime factors of 3151111.
29, 193, 563
What are the prime factors of 1949945?
5, 389989
What are the prime factors of 336807?
3, 37423
What are the prime factors of 3431468?
2, 857867
What are the prime factors of 21783454?
2, 7, 11, 37, 3823
List the prime factors of 13045824.
2, 3, 11, 29, 71
List the prime factors of 78850.
2, 5, 19, 83
What are the prime factors of 852082?
2, 7, 11, 503
What are the prime factors of 119044?
2, 29761
What are the prime factors of 338721?
3, 23, 4909
What are the prime factors of 10993465?
5, 7, 29, 10831
List the prime factors of 279216.
2, 3, 7, 277
What are the prime factors of 549340?
2, 5, 11, 227
List the prime factors of 71897.
7, 10271
List the prime factors of 1423315.
5, 41, 53, 131
What are the prime factors of 2850052?
2, 107, 6659
List the prime factors of 5561875.
5, 11, 809
What are the prime factors of 125502?
2, 3, 13, 1609
What are the prime factors of 4149675?
3, 5, 18443
What are the prime factors of 1652120?
2, 5, 103, 401
List the prime factors of 180787.
347, 521
What are the prime factors of 3911444?
2, 977861
List the prime factors of 24450139.
7, 3492877
List the prime factors of 12024548.
2, 839, 3583
What are the prime factors of 301930?
2, 5, 109, 277
What are the prime factors of 158114?
2, 11, 7187
List the prime factors of 938671.
229, 4099
List the prime factors of 26336304.
2, 3, 37, 4943
What are the prime factors of 823472?
2, 13, 37, 107
What are the prime factors of 264405?
3, 5, 17627
What are the prime factors of 725198?
2, 362599
List the prime factors of 1289314.
2, 13, 17, 2917
List the prime factors of 8574828.
2, 3, 714569
List the prime factors of 206628.
2, 3, 67, 257
List the prime factors of 177551.
11, 16141
What are the prime factors of 10294?
2, 5147
List the prime factors of 15803447.
11, 131, 997
What are the prime factors of 1490675?
5, 59627
List the prime factors of 17588.
2, 4397
What are the prime factors of 23225?
5, 929
What are the prime factors of 3078967?
3078967
List the prime factors of 633421.
73, 8677
List the prime factors of 2837066.
2, 641, 2213
What are the prime factors of 1878560?
2, 5, 59, 199
What are the prime factors of 1016281?
7, 47, 3089
What are the prime factors of 2401862?
2, 17, 41, 1723
What are the prime factors of 964188?
2, 3, 26783
What are the prime factors of 156606?
2, 3, 43, 607
List the prime factors of 5193660.
2, 3, 5, 86561
List the prime factors of 637513.
637513
What are the prime factors of 2959375?
5, 947
What are the prime factors of 6112861?
53, 115337
List the prime factors of 468498.
2, 3, 113, 691
List the prime factors of 3539566.
2, 29, 61027
List the prime factors of 112471.
47, 2393
What are the prime factors of 253196?
2, 63299
List the prime factors of 6460670.
2, 5, 646067
What are the prime factors of 188392?
2, 23549
List the prime factors of 15697504.
2, 227, 2161
What are the prime factors of 173508?
2, 3, 19, 761
List the prime factors of 308499.
3, 17, 23, 263
What are the prime factors of 3342775?
5, 133711
List the prime factors of 939168.
2, 3, 1087
What are the prime factors of 1396447?
13, 8263
List the prime factors of 93738.
2, 3, 17, 919
What are the prime factors of 3909821?
647, 6043
What are the prime factors of 7861446?
2, 3, 17, 23, 1117
What are the prime factors of 976016?
2, 61001
List the prime factors of 4529513.
1097, 4129
List the prime factors of 432688.
2, 27043
What are the prime factors of 1827354?
2, 3, 304559
What are the prime factors of 67377?
3, 37, 607
List the prime factors of 13978024.
2, 31, 157, 359
What are the prime factors of 99385?
5, 11, 13, 139
List the prime factors of 2534785.
5, 11, 17, 2711
List the prime factors of 43863.
3, 14621
List the prime factors of 2317918.
2, 431, 2689
What are the prime factors of 1250331?
3, 431, 967
What are the prime factors of 31253?
31253
List the prime factors of 30489851.
7, 19, 229247
List the prime factors of 1694705.
5, 19, 17839
What are the prime factors of 164115?
3, 5, 7, 521
What are the prime factors of 281464?
2, 151, 233
List the prime factors of 6104471.
29, 210499
What are the prime factors of 14714126?
2, 7, 1051009
List the prime factors of 1909763.
17, 112339
List the prime factors of 821292.
2, 3, 89, 769
List the prime factors of 7144914.
2, 3, 7, 311, 547
List the prime factors of 759867.
3, 19, 13331
List the prime factors of 5394667.
29, 186023
What are the prime factors of 516350?
2, 5, 23, 449
List the prime factors of 445589.
445589
What are the prime factors of 3815670?
2, 3, 5, 127189
What are the prime factors of 495409?
79, 6271
List the prime factors of 108085.
5, 21617
What are the prime factors of 13672668?
2, 3, 673, 1693
List the prime factors of 1046037.
3, 431, 809
List the prime factors of 227345.
5, 41, 1109
List the prime factors of 6091168.
2, 17, 11197
What are the prime factors of 29103779?
17, 859, 1993
What are the prime factors of 325730?
2, 5, 32573
What are the prime factors of 6249886?
2, 3124943
List the prime factors of 26588.
2, 17, 23
What are the prime factors of 14633459?
43, 53, 6421
What are the prime factors of 328296?
2, 3, 13679
What are the prime factors of 4880395?
5, 13, 75083
List the prime factors of 2441020.
2, 5, 122051
List the prime factors of 3992483.
11, 362953
What are the prime factors of 2761133?
1231, 2243
List the prime factors of 10753732.
2, 11, 244403
List the prime factors of 144069.
3, 48023
List the prime factors of 10840132.
2, 83, 103, 317
List the prime factors of 660547.
660547
List the prime factors of 11399969.
7, 1628567
What are the prime factors of 5684378?
2, 7, 406027
List the prime factors of 730228.
2, 311, 587
What are the prime factors of 3643445?
5, 13, 56053
List the prime factors of 608